 thousands digit of v?
1
Let b be 5/(-10)*(-323 + -3). Let j = b + -155. What is the units digit of j?
8
Let s be (2 + 0 + -22)/(4/64). Let t = 645 + s. What is the hundreds digit of t?
3
Suppose -7*x = -6*x - 1. Let u be 120/12*2*x. Suppose u - 329 = -3*j. What is the hundreds digit of j?
1
Let c = 115060 + -22703. What is the ten thousands digit of c?
9
Suppose -795*t + 808*t - 156 = 0. What is the hundreds digit of 5460/t + 2/2?
4
Suppose -2707786 + 1095658 = -62*d + 14*d. What is the ten thousands digit of d?
3
Suppose c - 4342 = -4*n, c - 4*c + 13086 = -3*n. What is the units digit of c?
8
Let y = 3915 - 2702. What is the thousands digit of y?
1
Let d(b) = b**2 - 15*b + 78. Let p be d(11). Suppose p*g - 8078 = 27*g. What is the units digit of g?
4
Let q be ((-426)/(-24) - -3)/(2/(-8)). Let n = -83 - q. Suppose n = 15*f - 9*f - 1086. What is the tens digit of f?
8
Let s = -4589 + 14503. What is the thousands digit of s?
9
Let i(w) = 5114*w**2 + 3*w + 11. What is the units digit of i(-2)?
1
Let i(m) = -8*m - 23. Let f be i(-5). What is the units digit of f/(-4)*(13 - 33)?
5
Suppose 3*t - 27114 = -3*n, -n = 99*t - 94*t - 9010. What is the units digit of n?
5
Let m = 308 + -304. Let y = 15 + m. What is the units digit of y?
9
Let z(j) = 35*j - 27. Let x(b) = -69*b + 54. Let w(a) = -3*x(a) - 7*z(a). What is the hundreds digit of w(-16)?
6
Suppose -316 = 6*s - 8*s. Let t(x) = -90*x + s*x + 18 - 78*x. What is the tens digit of t(-4)?
5
Let b be -10*((-252)/(-24) - 5). Let i be (-1154)/(-9) - (-10)/(-45). Let w = i + b. What is the tens digit of w?
7
Suppose -3*c + 2*k + 18 = 0, -c + 5 = -2*k - 1. Let o be (2/c)/(10/240). Suppose -o*m + 10*m - 344 = 0. What is the units digit of m?
2
Let v be (-63)/5 - (-4)/(-10). Let r = v - -5. What is the tens digit of (r/2 - -1)/((-3)/56)?
5
Let k(s) = -18207 + 18203 - 95*s + 38*s. What is the units digit of k(-5)?
1
Suppose a + a + 4*t - 78690 = 0, 118029 = 3*a + 3*t. What is the thousands digit of a?
9
Let z(w) = 4*w**2 - 8*w + 619. What is the thousands digit of z(63)?
5
Suppose -3*i - a = 54, 4*a = -i - 14 - 4. What is the hundreds digit of ((-1029)/6)/(9/i)?
3
Let t be 56/128*12*(21 - 1). Suppose t = u - 30. What is the tens digit of u?
3
Let j be 16/2 - (7 + -1). What is the tens digit of 709/j + 3/6 + 0?
5
Let c(j) = 2*j - 34. Let s be c(18). Suppose s*d = w - 11, -6*w + 2*w + 32 = -5*d. What is the units digit of ((-9)/6)/(1/d)?
6
Suppose 2*k + 4*n = 31981 - 9663, 0 = -4*k + n + 44663. What is the ten thousands digit of k?
1
Let q be (0 + 20/12)*(-232 + 1). Let p = 914 + q. What is the tens digit of p?
2
Suppose 0 = 45*r + 58*r - 667543. What is the hundreds digit of r?
4
Let z(i) = -3*i**2 - i - 6. Let n be z(6). Let q = -112 - n. Suppose -k + 171 = 5*s - q, 3*k = -3*s + 597. What is the units digit of k?
4
Let s(t) = 2*t**3 - 2*t**2 + 12*t - 6. Let n be s(4). Suppose 2*l - n = 142. What is the hundreds digit of l?
1
Suppose 0 = -22*w - 30 + 228. Suppose 0 = w*h - 1434 - 5496. What is the tens digit of h?
7
Suppose -16*n = -22*n + 42. What is the tens digit of 3/n + (-25992)/(-63)?
1
What is the tens digit of ((-415)/332)/(5/(-100712))?
7
Suppose 0 = -5*i - 20, 61*r - 59*r - 39052 = -i. What is the units digit of r?
8
Let j(r) = 4*r**2 + 30*r + 1160. What is the tens digit of j(-97)?
8
Suppose 5 = -x + 3, 3*x = 2*w - 88. Let a = w - -282. What is the units digit of a?
3
Let j(k) be the second derivative of k**4/12 + 2*k**3/3 - 6*k**2 - 104*k. Let d = 14 + -9. What is the units digit of j(d)?
3
Suppose u = -5*k - 9, 0*k + 4*k = u. What is the units digit of (1 - 62)*k + (-3)/(-1)?
4
Suppose -229*t = -473*t + 237*t + 199108. What is the ten thousands digit of t?
2
Suppose 988095 = 524*s - 509*s. What is the thousands digit of s?
5
Let i = 188977 - 119009. What is the tens digit of i?
6
Let n = -11013 + 28004. Suppose 24*b - n = 9745. What is the units digit of b?
4
Let q(d) = -529*d - 81. Let z be q(-5). Suppose -2*t + 1288 = -l, -z = -2*t - 2*t + 5*l. What is the hundreds digit of t?
6
Let t = -746 + 3670. What is the units digit of t?
4
Let d(u) = -7151*u - 2071. What is the ten thousands digit of d(-9)?
6
Suppose 15*i = 82*i - 918302. What is the tens digit of i?
0
Let d = 888 - 909. Let j(f) = f**2 - 16*f - 153. What is the tens digit of j(d)?
2
Let o(g) be the third derivative of -4*g**6/15 - g**5/20 + 11*g**4/24 + 3*g**3/2 + 42*g**2. What is the tens digit of o(-3)?
1
Let h(r) be the third derivative of -163*r**4/12 - 14*r**3 - 16*r**2. What is the hundreds digit of h(-2)?
5
Suppose -p + 1752 + 7021 = -5*c, -2*p = -c - 17537. What is the units digit of p?
8
Let k(u) = -u**3 - 26*u**2 + 33*u - 35. Let o = -21 - 7. What is the tens digit of k(o)?
0
Let z = -85 - -179. Let g be (-423)/z*(2/(-6) - 1). Suppose -g*h + 360 = 2*h. What is the units digit of h?
5
Let h(u) = 5*u**2 + u + 5. Let j be h(-3). Let s = j - 44. Suppose 12*n = s*n + 1089. What is the hundreds digit of n?
1
Let o be 10470/20 - 1/(-2). Suppose -4*q = 4*r - o, -3*q = -4*r - 0*q + 503. Let j = r - -57. What is the units digit of j?
5
Let o(v) = 6*v**2 + 14*v + 60. Let w(r) = -r**2 - r + 3. Let x(h) = o(h) + 5*w(h). What is the units digit of x(-25)?
5
Suppose -11*i = 6*i - 18411. Let s = i - 578. What is the hundreds digit of s?
5
Suppose 0*u - 16 = -4*u, -2*u = 2*h - 2238. Suppose -5*y = -5, 8*o - 11*o = 5*y - h. What is the units digit of o?
0
Suppose -8 = -4*a, o - a = a + 3. Suppose -4*y - 12*q + 4626 = -o*q, -y = -5*q - 1169. What is the tens digit of y?
5
Suppose m = 5*i + 9904, 87*i = 88*i - 3. What is the thousands digit of m?
9
Let j be 4*((-650)/8 - 7). What is the tens digit of j/(-3) + (-30)/(-90)?
1
Let n(d) be the first derivative of -60*d**2 - 5*d + 21. Let r be n(-1). Suppose -2*f + 63 = -r. What is the units digit of f?
9
Let g = 42 - 20. Let l = g - 12. Suppose l = 5*o, 4*o = 2*u - o. What is the units digit of u?
5
Let i = 66232 - 8162. What is the tens digit of i?
7
Suppose 0 = 3*t - 4*z + 465, -t + 4*z = -3*t - 330. Let h be (-502)/5 - 6/(-15). Let o = h - t. What is the tens digit of o?
5
Suppose 0 = -r + 5*q + 314, -5*q + 8*q = -3*r + 888. Suppose x = 4*p - 722, x = -2*p + 65 + r. What is the tens digit of p?
8
Suppose 58*j = 278895 + 47490 + 10073. What is the thousands digit of j?
5
Let q(f) = 42*f - 61*f - 40 + 3 + 41*f + 52*f**2 + 2*f**2. What is the thousands digit of q(5)?
1
Let m(c) = -5*c - 40. Let s be m(-8). Suppose s = -o - 3*p + 1130, 4*p + 2280 = -40*o + 42*o. What is the thousands digit of o?
1
Suppose -20*u - 10 = -25*u. Suppose 42 = -u*r + 40. What is the tens digit of 1367/15 - r - (-100)/(-750)?
9
Let w = -2867 + 5897. Suppose -7758 = -8*v - w. What is the hundreds digit of v?
5
Let o be (-54 + 50)/(4/1814). Let a = 3029 + o. What is the hundreds digit of a?
2
Suppose 10 = -9*q + 55. What is the tens digit of 1/(4/516) + q?
3
Suppose 38*b = 55*b - 51. Let m(c) be the third derivative of 19*c**5/60 - c**4/24 + c**3 + 14*c**2. What is the units digit of m(b)?
4
Suppose -38 - 10 = 8*q. Let o(k) = -k**3 - 4*k**2 + 13*k + 2. Let g be o(q). What is the units digit of (1 + g)/(3/(-78))?
8
Let q be 24480/70 - 6/(-21). Let j = q - -37. What is the units digit of j?
7
Let i = 2345 + 1008. What is the hundreds digit of i?
3
Let b be (6/(-10))/((-6)/30). Let f be (-2 - (-66)/18) + 1/b. Let w = f + 51. What is the units digit of w?
3
Suppose s - 3*q - 71 - 2949 = 0, 0 = -3*s + 2*q + 9032. Suppose -7*c + 15*c = s. What is the hundreds digit of c?
3
What is the hundreds digit of (24698/(-8))/((-14)/(-56) - (-2)/(-6))?
0
Let f be ((1 - 0)/2)/(1/194). Let j = f + 73. What is the hundreds digit of j?
1
Let v(j) = -2792*j + 2248. What is the tens digit of v(-8)?
8
Suppose -33*d + 2472 = -30*d. Let f = d - 560. What is the units digit of f?
4
Let q be 8/(-6) + 4550/195. Suppose q*i + 247 = 23*i. What is the hundreds digit of i?
2
Suppose -193*x + 180*x = -3731. Let k = x - -1108. What is the hundreds digit of k?
3
Suppose 3*d + 285*d = 20*d + 7202232. What is the ten thousands digit of d?
2
Let l = -2118 + -342. Let s = -832 - l. What is the units digit of s?
8
What is the units digit of (-8)/18 - (-2583256)/1062?
2
Suppose -300*b + 310*b - 179830 = 0. What is the hundreds digit of b?
9
Let q = -166 + 101. W